186273?
1
What is the hundreds digit of 420781803?
8
What is the hundreds digit of 605895517?
5
What is the tens digit of 59717421?
2
What is the millions digit of 352001081?
2
What is the ten thousands digit of 573606672?
0
What is the tens digit of 4325127204?
0
What is the thousands digit of 7576298636?
8
What is the hundred thousands digit of 38979074?
9
What is the tens digit of 86194243?
4
What is the hundred thousands digit of 2220202446?
2
What is the units digit of 73757645?
5
What is the ten thousands digit of 650433835?
3
What is the thousands digit of 20374631?
4
What is the billions digit of 1115310454?
1
What is the hundred thousands digit of 397981470?
9
What is the ten millions digit of 55889879?
5
What is the thousands digit of 15780319?
0
What is the hundred thousands digit of 144944559?
9
What is the ten thousands digit of 5188427?
8
What is the tens digit of 150022264?
6
What is the units digit of 384362327?
7
What is the ten millions digit of 74929176?
7
What is the millions digit of 58310753?
8
What is the hundreds digit of 37052681?
6
What is the hundreds digit of 262118049?
0
What is the ten millions digit of 21227933?
2
What is the thousands digit of 2066694892?
4
What is the hundred millions digit of 340723940?
3
What is the ten thousands digit of 5416470920?
7
What is the units digit of 180470593?
3
What is the units digit of 1204595346?
6
What is the tens digit of 5372700237?
3
What is the hundred thousands digit of 1666944678?
9
What is the ten millions digit of 340352190?
4
What is the hundred thousands digit of 867884936?
8
What is the ten millions digit of 5504054987?
0
What is the hundred millions digit of 625558454?
6
What is the hundred millions digit of 5253438176?
2
What is the hundreds digit of 48683317?
3
What is the thousands digit of 249324854?
4
What is the billions digit of 7638060542?
7
What is the thousands digit of 46068727?
8
What is the hundred millions digit of 2443925913?
4
What is the units digit of 77248127?
7
What is the tens digit of 79331336?
3
What is the tens digit of 2507523603?
0
What is the millions digit of 649858752?
9
What is the thousands digit of 134962498?
2
What is the thousands digit of 93484913?
4
What is the units digit of 41884115?
5
What is the millions digit of 1004364?
1
What is the tens digit of 913000676?
7
What is the units digit of 753336915?
5
What is the hundreds digit of 2819044170?
1
What is the units digit of 1441177820?
0
What is the thousands digit of 56525852?
5
What is the tens digit of 8522836?
3
What is the hundred thousands digit of 9715746?
7
What is the hundred thousands digit of 40744174?
7
What is the hundred thousands digit of 2817116607?
1
What is the ten millions digit of 520065313?
2
What is the units digit of 692111206?
6
What is the hundreds digit of 5114953900?
9
What is the hundred thousands digit of 7270309412?
3
What is the ten thousands digit of 1497039305?
3
What is the ten thousands digit of 397516436?
1
What is the hundred millions digit of 617593767?
6
What is the hundreds digit of 72737875?
8
What is the units digit of 1748743768?
8
What is the ten millions digit of 60637939?
6
What is the hundred millions digit of 2421572421?
4
What is the ten thousands digit of 177423944?
2
What is the billions digit of 2240708063?
2
What is the hundreds digit of 160115046?
0
What is the units digit of 1578971888?
8
What is the thousands digit of 162341208?
1
What is the hundred thousands digit of 442930119?
9
What is the millions digit of 84058978?
4
What is the millions digit of 72976536?
2
What is the millions digit of 68755622?
8
What is the ten thousands digit of 12288781?
8
What is the hundred millions digit of 181034917?
1
What is the thousands digit of 776201963?
1
What is the millions digit of 4956619666?
6
What is the hundred thousands digit of 665424818?
4
What is the millions digit of 33042786?
3
What is the ten thousands digit of 207112476?
1
What is the hundred thousands digit of 3149093189?
0
What is the hundred thousands digit of 56761979?
7
What is the hundred thousands digit of 2309134051?
1
What is the billions digit of 2207373130?
2
What is the tens digit of 29363387?
8
What is the ten thousands digit of 37960437?
6
What is the millions digit of 1462831393?
2
What is the millions digit of 37265917?
7
What is the units digit of 808147615?
5
What is the hundred thousands digit of 3666357?
6
What is the billions digit of 8026028840?
8
What is the hundred thousands digit of 327603942?
6
What is the tens digit of 4873050092?
9
What is the thousands digit of 1485?
1
What is the hundred millions digit of 7021164414?
0
What is the thousands digit of 1476104211?
4
What is the ten millions digit of 316686556?
1
What is the tens digit of 49393801?
0
What is the units digit of 315219917?
7
What is the millions digit of 1877162223?
7
What is the tens digit of 96792560?
6
What is the millions digit of 42444461?
2
What is the hundreds digit of 26341649?
6
What is the units digit of 698406677?
7
What is the ten millions digit of 224772547?
2
What is the thousands digit of 733576390?
6
What is the millions digit of 1779414515?
9
What is the units digit of 222362871?
1
What is the millions digit of 89785066?
9
What is the millions digit of 2764823000?
4
What is the ten millions digit of 7982979938?
8
What is the millions digit of 156849147?
6
What is the hundred thousands digit of 47269509?
2
What is the billions digit of 1668752980?
1
What is the millions digit of 261054556?
1
What is the hundreds digit of 4193352479?
4
What is the units digit of 97610329?
9
What is the thousands digit of 77997526?
7
What is the tens digit of 5446206?
0
What is the ten millions digit of 4879696342?
7
What is the units digit of 218379005?
5
What is the hundred thousands digit of 5490401639?
4
What is the tens digit of 12699803?
0
What is the hundred thousands digit of 31502487?
5
What is the units digit of 719954577?
7
What is the thousands digit of 10825218?
5
What is the tens digit of 244023672?
7
What is the thousands digit of 430250722?
0
What is the thousands digit of 1340015315?
5
What is the ten thousands digit of 4586187545?
8
What is the millions digit of 271682364?
1
What is the tens digit of 675932860?
6
What is the units digit of 64589809?
9
What is the thousands digit of 1620106120?
6
What is the ten millions digit of 877705453?
7
What is the thousands digit of 5862678040?
8
What is the millions digit of 362299143?
2
What is the ten thousands digit of 67280110?
8
What is the ten thousands digit of 38818152?
1
What is the tens digit of 607658044?
4
What is the thousands digit of 146605354?
5
What is the tens digit of 1884418532?
3
What is the hundred thousands digit of 80456018?
4
What is the hundreds digit of 3522337?
3
What is the millions digit of 135455716?
5
What is the units digit of 265798160?
0
What is the units digit of 904593943?
3
What is the hundred thousands digit of 3875786644?
7
What is the millions digit of 73451615?
3
What is the ten thousands digit of 74645580?
4
What is the hundred millions digit of 3231421127?
2
What is the thousands digit of 23592908?
2
What is the tens digit of 1726581759?
5
What is the tens digit of 57776161?
6
What is the hundred thousands digit of 682791280?
7
What is the hundred thousands digit of 237585482?
5
What is the millions digit of 10229145?
0
What is the millions digit of 128875865?
8
What is the hundred millions digit of 1236309932?
2
What is the thousands digit of 28939123?
9
What is the units digit of 4654633474?
4
What is the billions digit of 1227715778?
1
What is the millions digit of 265139732?
5
What is the hundred millions digit of 1110149422?
1
What is the millions digit of 37541183?
7
What is the ten thousands digit of 296641658?
4
What is the thousands digit of 268350396?
0
What is the hundreds digit of 950986485?
4
What is the millions digit of 110984565?
0
What is the millions digit of 1404776905?
4
What is the ten millions digit of 86907180?
8
What is the ten millions digit of 10683966?
1
What is the tens digit of 83705576?
7
What is the ten millions digit of 110193341?
1
What is the tens digit of 1261337080?
8
What is the hundreds digit of 40075234?
2
What is the hundred millions d